a(f) = 2872*f + 20120. Determine a(-7).
16
Let r(p) = -4*p**2 + 81*p + 165. Determine r(-2).
-13
Let x(p) = 110*p + 6717. What is x(-61)?
7
Let r(l) = l**3 + 57*l**2 + 104*l - 328. Determine r(-55).
2
Let g(b) = -10*b - 56. What is g(-7)?
14
Let j(f) = -23*f**2 - 48*f - 9. Give j(-5).
-344
Let t(r) = 8241*r + 8238. Determine t(-1).
-3
Let s(v) = -171*v**3 + 54*v - 55. Calculate s(1).
-172
Let g(s) = 2*s**3 + 298*s**2 - 1210*s + 2143. Determine g(-153).
1
Let j(c) = 186*c**2 - 1868*c + 73. Calculate j(10).
-7
Let w(s) = -3*s**3 + 67*s**2 - 30*s + 130. Give w(22).
-46
Let s(c) = -c**2 + 19*c - 6. Calculate s(27).
-222
Let y(h) = -1618*h - 22. Give y(0).
-22
Let u(y) = 8*y + 43. What is u(-21)?
-125
Let a(d) = -12*d + 186. Give a(4).
138
Let z(a) = 30*a - 32. Calculate z(5).
118
Let c(v) = -5*v**2 - 690*v - 1367. What is c(-136)?
-7
Let n(x) = -x**2 + 4*x + 551. Calculate n(-20).
71
Let y(l) = l**3 + 25*l**2 + 69*l + 1704. Determine y(-25).
-21
Let d(c) = 5968*c - 149197. Give d(25).
3
Let r(q) = q**3 + 70*q**2 + 32*q + 2244. Calculate r(-70).
4
Let n(k) = -k**2 + 44*k - 335. Determine n(9).
-20
Let c(d) = -213*d + 86. Give c(2).
-340
Let k(m) = 2*m**3 + 82*m**2 + 4*m + 95. What is k(-41)?
-69
Let l(q) = -46*q**2 + 2394*q - 103. Calculate l(52).
1
Let w(d) = -d**3 - d**2 - d + 79. Give w(0).
79
Let x(b) = 76*b**2 + 50*b - 27. Calculate x(-1).
-1
Let d(a) = -103*a + 585. What is d(1)?
482
Let t(h) = 17*h + 487. Give t(-25).
62
Let v(r) = -367*r + 18906. Calculate v(51).
189
Let z(m) = 314*m - 77586. What is z(247)?
-28
Let y(h) = -h**2 - 12*h - 14. What is y(-9)?
13
Let d(q) = -62*q + 532. Calculate d(12).
-212
Let c(q) = q**3 - 2*q**2 - 184*q + 931. Determine c(6).
-29
Let o(n) = n**3 + 37*n**2 + 76*n + 225. Give o(-35).
15
Let w(x) = -477*x - 2359. Give w(-5).
26
Let q(u) = u**2 + 214*u + 1441. Determine q(-7).
-8
Let f(r) = -3*r**2 + 4*r + 426. What is f(0)?
426
Let o(w) = 2*w**2 - 4*w - 41. Calculate o(3).
-35
Let q(l) = -14*l**2 - 88*l - 505. Calculate q(-7).
-575
Let n(y) = 122*y**3 + 8*y**2 + 2*y - 2. What is n(1)?
130
Let a(h) = -62*h**3 + h**2 + 2*h + 1. Calculate a(-1).
62
Let p(s) = -s**2 + 45*s + 152. Calculate p(48).
8
Let c(o) = 1313*o - 10510. Determine c(8).
-6
Let p(h) = h**3 + 43*h**2 - 1791*h + 220. Give p(-69).
13
Let f(v) = 2*v**3 + 20*v**2 + 32*v - 7. Determine f(-3).
23
Let a(l) = l**3 - 26*l**2 + 26*l - 680. Determine a(26).
-4
Let a(v) = -16*v - 100. Determine a(-10).
60
Let r(b) = -b**3 + 32*b**2 + 66*b + 107. Determine r(34).
39
Let m(j) = 5*j**2 + 101*j - 338. Give m(-23).
-16
Let n(d) = -5*d + 169. Calculate n(30).
19
Let b(r) = -33*r - 51. Determine b(-4).
81
Let f(x) = 61*x - 1432. Determine f(24).
32
Let v(s) = 92*s + 1521. Give v(-21).
-411
Let q(c) = -c**3 + 33*c**2 - 7*c + 85. Determine q(33).
-146
Let a(i) = i**3 + 4*i**2 - 7*i - 30. Calculate a(-3).
0
Let x(a) = -a**2 + 45*a - 78. Give x(32).
338
Let v(p) = 4*p + 162. Determine v(-29).
46
Let s(f) = -15613*f - 31214. Give s(-2).
12
Let p(o) = 32*o**2 - 458*o + 125. What is p(14)?
-15
Let u(z) = 115*z + 854. What is u(-6)?
164
Let z(c) = 4*c**2 - 48*c + 56. Calculate z(11).
12
Let v(q) = -q**3 + 27*q**2 - 52*q + 40. What is v(25)?
-10
Let w(i) = i**3 - i**2 - 53*i + 17. Give w(-7).
-4
Let k(t) = -28*t + 89. Determine k(2).
33
Let w(r) = 10*r**3 - 2*r**2 + 9*r + 7. Give w(-1).
-14
Let w(g) = 9*g**2 - 162*g + 637. What is w(4)?
133
Let z(g) = -16*g**2 - 165*g - 332. Calculate z(-2).
-66
Let i(l) = l**2 + 2337*l + 14068. What is i(-6)?
82
Let z(s) = 49*s + 8527. Determine z(-174).
1
Let c(n) = -n**3 + 13*n**2 - 72*n + 320. What is c(9)?
-4
Let g(b) = -b**3 + 20*b**2 + 11*b + 107. What is g(21)?
-103
Let q(s) = 14*s**2 + 36*s + 42. Calculate q(-8).
650
Let f(t) = t**3 + 11*t**2 + 15*t. What is f(-6)?
90
Let q(j) = j**3 + 52*j**2 + 12. Determine q(-52).
12
Let p(r) = -108*r**3 + 2*r**2 - 3*r - 4. Determine p(-1).
109
Let z(b) = -b**3 + 27*b - 2. Calculate z(5).
8
Let q(k) = -7*k + 107. What is q(15)?
2
Let j(b) = -7*b**3 - 314*b**2 + 50*b + 246. Determine j(-45).
21
Let t(a) = 4*a**3 - 39*a**2 + 7*a - 169. Determine t(10).
1
Let p(r) = -4*r**3 - 27*r**2 + 14*r + 61. What is p(-7)?
12
Let g(u) = 196*u - 1531. Give g(8).
37
Let j(b) = b**3 - 27*b**2 - 94*b + 154. Calculate j(30).
34
Let i(l) = -l**3 + 10*l**2 + 27*l - 31. Calculate i(12).
5
Let f(n) = 105*n + 432. Calculate f(-4).
12
Let f(j) = -j**3 - 32*j**2 + 129*j + 824. Calculate f(-35).
-16
Let k(v) = -2*v**3 - 41*v**2 - 49*v - 586. What is k(-20)?
-6
Let w(x) = -x**2 - 206*x - 4108. Calculate w(-22).
-60
Let s(o) = 1890*o - 20791. Calculate s(11).
-1
Let r(t) = t**3 + 30*t**2 + 132*t - 19. Give r(-6).
53
Let w(h) = 10*h**2 + 137*h - 51. Calculate w(-14).
-9
Let q(v) = -8*v**3 - 64*v**2 - 250*v - 1993. Give q(-8).
7
Let i(y) = -y**3 - 17*y**2 + 47*y + 85. Give i(-19).
-86
Let i(v) = 506*v + 38484. Give i(-76).
28
Let z(o) = -o**2 + 91*o - 1038. Determine z(11).
-158
Let r(s) = 55*s - 127. Determine r(6).
203
Let m(y) = 115*y**3 - y. Give m(-1).
-114
Let l(h) = -3*h**3 - 75*h**2 - 138*h + 30. Give l(-23).
30
Let p(l) = l**3 + 28*l**2 + 81*l + 141. Determine p(-25).
-9
Let y(v) = -v**3 - 13*v**2 - 14*v + 144. Give y(-8).
-64
Let b(u) = -3*u**3 - 52*u**2 + 32*u - 96. Give b(-18).
-24
Let n(y) = -5*y**2 + 490*y + 3. Determine n(98).
3
Let w(j) = 72*j + 4. Give w(2).
148
Let a(x) = -x**3 - 10*x**2 + 54*x + 71. Calculate a(-15).
386
Let g(c) = 92*c**2 + 1. Determine g(-1).
93
Let k(u) = 6277*u + 6287. Determine k(-1).
10
Let v(h) = 52*h + 287. Determine v(-6).
-25
Let k(w) = -45*w + 38. Give k(-3).
173
Let d(i) = 2104*i - 23151. Give d(11).
-7
Let d(w) = 23*w + 151. Give d(17).
542
Let j(c) = 7590*c + 15180. What is j(-2)?
0
Let k(o) = -o**3 + 11*o**2 + 565*o + 39. What is k(30)?
-111
Let o(x) = 16*x + 696. Determine o(-29).
232
Let n(x) = 2*x + 339. Give n(-34).
271
Let p(d) = d**2 - 59*d + 789. What is p(18)?
51
Let q(b) = 3973*b + 19858. Give q(-5).
-7
Let w(z) = -89*z**2 + 985*z - 60. Give w(11).
6
Let c(p) = -p**2 + 50*p + 399. Determine c(-7).
0
Let z(o) = o**2 + 49*o + 14. Give z(-49).
14
Let l(a) = -5*a**2 - 39*a - 61. What is l(-2)?
-3
Let l(m) = -3*m**3 + 38*m**2 - 2*m + 92. Determine l(14).
-720
Let c(a) = 22*a - 1470. What is c(62)?
-106
Let j(i) = -i**3 + 38*i**2 - 176*i + 370. What is j(33)?
7
Let n(l) = l**3 + 26*l**2 + 30*l + 34. Give n(-25).
-91
Let s(o) = 7*o**2 - 191*o + 228. Determine s(26).
-6
Let j(y) = -y**3 + 36*y**2 + 651*y + 4. Determine j(-13).
-178
Let y(c) = 13*c + 59. Determine y(-10).
-71
Let x(m) = -93*m + 7895. Calculate x(85).
-10
Let o(d) = -2*d**2 - 14*d - 25. What is o(5)?
-145
Let o(z) = -z**2 - 29*z + 362. What is o(10)?
-28
Let h(d) = -20*d**2 + 418*d - 2061. Determine h(8).
3
Let m(r) = 49*r**3 + 4*r**2 + 6*r + 2. Give m(-1).
-49
Let i(n) = -8*n**3 + 18*n**2 + 4*n - 10. Calculate i(3).
-52
Let i(r) = -55*r + 5585. What is i(97)?
250
Let c(h) = 11*h**3 + 3*h**2 - 5*h. Give c(3).
309
Let q(m) = 12*m**2 - 112*m - 60. Calculate q(10).
20
Let q(t) = -t**3 + 9*t**2 - 43*t + 220. Determine q(8).
-60
Let h(f) = -4*f**3 - 339*f**2 - 249*f + 231. Calculate h(-84).
-21
Let p(j) = 2*j**3 + 117*j**2 - 300*j + 300. Give p(-61).
-5
Let x(g) = 240*g**2 + 4560*g + 4. What is x(-19)?
4
Let t(z) = -13*z**2 - 34*z + 57. What is t(-6)?
-207
Let z(d) = d**3 - 6*d**2 + 26*d - 144. What is z(6)?
12
Let g(f) = 2*f**2 + 272*f + 1050. Give g(-132).
-6
Let p(k) = k**3 - 10*k**2 - 3*k - 229. Determine p(11).
-141
Let r(v) = 7*v**2 + 36*v - 36. Give r(-6).
0
Let f(o) = -o**3 - 37*o**2 + 87*o + 326. What is f(-39)?
-25
Let l(y) = -28*y + 104. What is l(4)?
-8
Let v(p) = -4*p**2 + 37*p + 29. What is v(8)?
69
Let x(s) = 77*s - 2338. Give x(30).
-28
Let p(r) = 2*r**2 - 101*r + 635. What is p(7)?
26
Let l(i) = i**2 - 318*i + 13381. Calculate l(50).
-19
Let c(u) = 282*u + 36379. What is c(-129)?
1
Let y(q) = -18*q - 273. Determine y(-14).
-21
Let m(t) = 2*t**2 + 116*t + 225. Determine m(-56).
1
Let t(f) = -4*f**2 + 66*f - 65. Calculate t(11).
177
Let l(k) = -2*k**3 - 12*k**2 - 2. What is l(-4)?
-66
Let h(i) = i**2 - 7*i + 10. Give h(14).
108
Let i(s) = 214*s + 445. Give i(-3).
-197
Let s(r) = 2*r**3 - 107*r**2 + 158*r - 56. Give s(52).
48
Let f(l) = -l**3 + 37*l**2 - 71*l + 81. Calculate f(35).
46
Let s(t) = 